{"id":1989,"date":"2018-04-30T15:20:04","date_gmt":"2018-04-30T14:20:04","guid":{"rendered":"https:\/\/www.factx.de\/w\/?page_id=1989"},"modified":"2018-05-09T15:18:26","modified_gmt":"2018-05-09T13:18:26","slug":"tools-gabor-granger","status":"publish","type":"page","link":"https:\/\/www.factx.de\/w\/tools-gabor-granger\/","title":{"rendered":"Gabor Granger"},"content":{"rendered":"<h1>Gabor Granger<\/h1>\n<p>Bei Preisstudien ist das <strong>Gabor Granger Verfahren<\/strong> ein relativ einfach umsetzbares Verfahren und eignet sich durch gest\u00fctzte Preisabfragen zur Analyse des Zusammenhangs von Preis und Absatz zum Beispiel bei geplanten Preiserh\u00f6hungen.<\/p>\n<p>Die Kaufbereitschaft der Konsumenten wird hier f\u00fcr vordefinierte und \u00e4quidistante Preispunkten ermittelt. F\u00fcr jeden Preispunkt k\u00f6nnen die Erhebungsdaten kumuliert und in eine Preis-Absatzfunktion \u00fcberf\u00fchrt werden.<\/p>\n<p>In der Regel wird die Kaufbereitschaft bei den einzelnen Befragten f\u00fcr mehrere Preispunkte abgefragt. Um die Beeinflussung durch vorangegangene Preispunkte zu reduzieren, werden die Preispunkte randomisiert vorgegeben.<\/p>\n<p>Nachteil des Verfahrens ist, dass Wettbewerber nicht einbezogen werden k\u00f6nnen. Zudem ist die Gefahr von taktischen Antworten der Probanden eher hoch, da die Zielsetzung der Befragung leicht erkannt werden kann. Zweifelloser Vorteil des Verfahrens ist die einfache und kosteng\u00fcnstige Umsetzung.<\/p>\n<p><em>Beispielgrafik:<\/em><\/p>\n<p><img decoding=\"async\" class=\"alignnone size-full wp-image-1984\" src=\"https:\/\/www.factx.de\/w\/wp-content\/uploads\/2018\/04\/PAF.jpg\" alt=\"\" width=\"624\" height=\"392\" srcset=\"https:\/\/www.factx.de\/w\/wp-content\/uploads\/2018\/04\/PAF-200x126.jpg 200w, https:\/\/www.factx.de\/w\/wp-content\/uploads\/2018\/04\/PAF-300x188.jpg 300w, https:\/\/www.factx.de\/w\/wp-content\/uploads\/2018\/04\/PAF-320x202.jpg 320w, https:\/\/www.factx.de\/w\/wp-content\/uploads\/2018\/04\/PAF-400x251.jpg 400w, https:\/\/www.factx.de\/w\/wp-content\/uploads\/2018\/04\/PAF-600x377.jpg 600w, https:\/\/www.factx.de\/w\/wp-content\/uploads\/2018\/04\/PAF.jpg 624w\" sizes=\"(max-width: 624px) 100vw, 624px\" \/><\/p>","protected":false},"excerpt":{"rendered":"<p>Gabor Granger Bei Preisstudien ist das Gabor Granger Verfahren ein relativ einfach umsetzbares Verfahren und eignet sich durch gest\u00fctzte Preisabfragen zur Analyse des Zusammenhangs von Preis und Absatz zum Beispiel bei geplanten Preiserh\u00f6hungen. Die Kaufbereitschaft der Konsumenten wird hier f\u00fcr vordefinierte und \u00e4quidistante Preispunkten ermittelt. F\u00fcr jeden Preispunkt k\u00f6nnen die Erhebungsdaten kumuliert und in eine  [&#8230;]<\/p>\n","protected":false},"author":3,"featured_media":1098,"parent":0,"menu_order":0,"comment_status":"closed","ping_status":"closed","template":"","meta":{"ngg_post_thumbnail":0,"footnotes":""},"class_list":["post-1989","page","type-page","status-publish","has-post-thumbnail","hentry"],"_links":{"self":[{"href":"https:\/\/www.factx.de\/w\/wp-json\/wp\/v2\/pages\/1989","targetHints":{"allow":["GET"]}}],"collection":[{"href":"https:\/\/www.factx.de\/w\/wp-json\/wp\/v2\/pages"}],"about":[{"href":"https:\/\/www.factx.de\/w\/wp-json\/wp\/v2\/types\/page"}],"author":[{"embeddable":true,"href":"https:\/\/www.factx.de\/w\/wp-json\/wp\/v2\/users\/3"}],"replies":[{"embeddable":true,"href":"https:\/\/www.factx.de\/w\/wp-json\/wp\/v2\/comments?post=1989"}],"version-history":[{"count":3,"href":"https:\/\/www.factx.de\/w\/wp-json\/wp\/v2\/pages\/1989\/revisions"}],"predecessor-version":[{"id":2023,"href":"https:\/\/www.factx.de\/w\/wp-json\/wp\/v2\/pages\/1989\/revisions\/2023"}],"wp:featuredmedia":[{"embeddable":true,"href":"https:\/\/www.factx.de\/w\/wp-json\/wp\/v2\/media\/1098"}],"wp:attachment":[{"href":"https:\/\/www.factx.de\/w\/wp-json\/wp\/v2\/media?parent=1989"}],"curies":[{"name":"wp","href":"https:\/\/api.w.org\/{rel}","templated":true}]}}