{"id":46,"date":"2008-07-09T07:03:51","date_gmt":"2008-07-09T05:03:51","guid":{"rendered":"https:\/\/www.factx.de\/w\/?page_id=46"},"modified":"2017-06-13T15:38:35","modified_gmt":"2017-06-13T13:38:35","slug":"tools-methoden-onlinebefragung","status":"publish","type":"page","link":"https:\/\/www.factx.de\/w\/tools-methoden-onlinebefragung\/","title":{"rendered":"Onlinebefragung"},"content":{"rendered":"<h1>Onlinebefragung<\/h1>\n<p>Onlinebefragungen sind in der Marktforschung l\u00e4ngst etabliert. Nahezu jeder Haushalt verf\u00fcgt inzwischen \u00fcber einen Zugang zum Internet. Deshalb k\u00f6nnen viele Zielgruppen bereits &#8222;repr\u00e4sentativ&#8220; \u00fcber das Internet angesprochen werden.<\/p>\n<p>Allerdings hat sich die Teilnahmebereitschaft durch den fast schon &#8222;inflation\u00e4ren&#8220; Einsatz dieser Befragungsmethode deutlich reduziert. Deshalb arbeiten wir bei Online-Befragungen mit Panel-Anbietern zusammen, die nicht nur f\u00fcr gro\u00dfe, sondern auch sorgf\u00e4ltig gepflegte Panels garantieren k\u00f6nnen. Neben Panel-Befragungen kann die Online-Methode auch bei Kunden- oder Mitarbeiterbefragungen empfohlen werden, bzw. dann, wenn das Involvment der Probanden eher hoch ist.<\/p>\n<p>Generelle Vorteile der Onlinebefragung sind schnelle Durchf\u00fchrbarkeit, kurze Befragungszeitr\u00e4ume und g\u00fcnstige Kosten.<\/p>","protected":false},"excerpt":{"rendered":"<p>Onlinebefragung Onlinebefragungen sind in der Marktforschung l\u00e4ngst etabliert. Nahezu jeder Haushalt verf\u00fcgt inzwischen \u00fcber einen Zugang zum Internet. Deshalb k\u00f6nnen viele Zielgruppen bereits &#8222;repr\u00e4sentativ&#8220; \u00fcber das Internet angesprochen werden. Allerdings hat sich die Teilnahmebereitschaft durch den fast schon &#8222;inflation\u00e4ren&#8220; Einsatz dieser Befragungsmethode deutlich reduziert. Deshalb arbeiten wir bei Online-Befragungen mit Panel-Anbietern zusammen, die nicht nur  [&#8230;]<\/p>\n","protected":false},"author":1,"featured_media":1098,"parent":0,"menu_order":5,"comment_status":"closed","ping_status":"closed","template":"","meta":{"ngg_post_thumbnail":0,"footnotes":""},"class_list":["post-46","page","type-page","status-publish","has-post-thumbnail","hentry"],"_links":{"self":[{"href":"https:\/\/www.factx.de\/w\/wp-json\/wp\/v2\/pages\/46","targetHints":{"allow":["GET"]}}],"collection":[{"href":"https:\/\/www.factx.de\/w\/wp-json\/wp\/v2\/pages"}],"about":[{"href":"https:\/\/www.factx.de\/w\/wp-json\/wp\/v2\/types\/page"}],"author":[{"embeddable":true,"href":"https:\/\/www.factx.de\/w\/wp-json\/wp\/v2\/users\/1"}],"replies":[{"embeddable":true,"href":"https:\/\/www.factx.de\/w\/wp-json\/wp\/v2\/comments?post=46"}],"version-history":[{"count":7,"href":"https:\/\/www.factx.de\/w\/wp-json\/wp\/v2\/pages\/46\/revisions"}],"predecessor-version":[{"id":1767,"href":"https:\/\/www.factx.de\/w\/wp-json\/wp\/v2\/pages\/46\/revisions\/1767"}],"wp:featuredmedia":[{"embeddable":true,"href":"https:\/\/www.factx.de\/w\/wp-json\/wp\/v2\/media\/1098"}],"wp:attachment":[{"href":"https:\/\/www.factx.de\/w\/wp-json\/wp\/v2\/media?parent=46"}],"curies":[{"name":"wp","href":"https:\/\/api.w.org\/{rel}","templated":true}]}}