{"id":871,"date":"2014-09-06T12:56:25","date_gmt":"2014-09-06T10:56:25","guid":{"rendered":"https:\/\/www.factx.de\/w\/?page_id=871"},"modified":"2017-02-11T16:00:08","modified_gmt":"2017-02-11T14:00:08","slug":"kunstedition","status":"publish","type":"page","link":"https:\/\/www.factx.de\/w\/kunstedition\/","title":{"rendered":"Kunstedition"},"content":{"rendered":"<h1>factx &#8211; Kunstedition<\/h1>\n<p>Kunstsponsoring ist nicht nur ein Thema mit dem wir uns professionell in Projekten f\u00fcr einige unserer Kunden besch\u00e4ftigen, sondern seit Beginn unserer Unternehmensgr\u00fcndung auch ein pers\u00f6nliches Anliegen. Jedes Jahr stellen wir in unserer &#8222;Kunstedition&#8220; eine K\u00fcnstlerin oder einen K\u00fcnstler mit einem von uns ausgesuchten und herausgegebenen limitierten Druck vor. Dar\u00fcber freuen wir uns selbst, aber auch unsere Kunden, bei denen wir uns auf diese Weise f\u00fcr die erfolgreiche Zusammenarbeit bedanken.<\/p>\n<p><!-- index.php -->\n<div\n\tclass=\"ngg-galleryoverview\n\t ngg-ajax-pagination-none\t\"\n\tid=\"ngg-gallery-5cde631759b37353a58f055017c1ad8b-1\">\n\n\t\t\t<!-- Thumbnails -->\n\t\t\t\t<div id=\"ngg-image-0\" class=\"ngg-gallery-thumbnail-box\"\n\t\t\t\t\t\t\t\t\t\t\t>\n\t\t\t\t\t\t<div class=\"ngg-gallery-thumbnail\">\n\t\t\t<a href=\"https:\/\/www.factx.de\/w\/wp-content\/gallery\/kunstedition\/Verahilger-001.jpg\"\n\t\t\t\ttitle=\"Vera Hilger 2016\"\n\t\t\t\tdata-src=\"https:\/\/www.factx.de\/w\/wp-content\/gallery\/kunstedition\/Verahilger-001.jpg\"\n\t\t\t\tdata-thumbnail=\"https:\/\/www.factx.de\/w\/wp-content\/gallery\/kunstedition\/thumbs\/thumbs_Verahilger-001.jpg\"\n\t\t\t\tdata-image-id=\"23\"\n\t\t\t\tdata-title=\"Vera Hilger 2016\"\n\t\t\t\tdata-description=\"Vera Hilger 2016\"\n\t\t\t\tdata-image-slug=\"verahilger-001\"\n\t\t\t\tclass=\"ngg-fancybox\" rel=\"5cde631759b37353a58f055017c1ad8b\">\n\t\t\t\t<img\n\t\t\t\t\ttitle=\"Vera Hilger 2016\"\n\t\t\t\t\talt=\"Vera Hilger 2016\"\n\t\t\t\t\tsrc=\"https:\/\/www.factx.de\/w\/wp-content\/gallery\/kunstedition\/thumbs\/thumbs_Verahilger-001.jpg\"\n\t\t\t\t\twidth=\"120\"\n\t\t\t\t\theight=\"90\"\n\t\t\t\t\tstyle=\"max-width:100%;\"\n\t\t\t\t\/>\n\t\t\t<\/a>\n\t\t<\/div>\n\t\t\t\t\t\t\t<\/div>\n\t\t\t\n\t\t\t\t\t\t\t\n\t\t\t\t<div id=\"ngg-image-1\" class=\"ngg-gallery-thumbnail-box\"\n\t\t\t\t\t\t\t\t\t\t\t>\n\t\t\t\t\t\t<div class=\"ngg-gallery-thumbnail\">\n\t\t\t<a href=\"https:\/\/www.factx.de\/w\/wp-content\/gallery\/kunstedition\/Steiner.jpg\"\n\t\t\t\ttitle=\"Stefan Steiner 2015\"\n\t\t\t\tdata-src=\"https:\/\/www.factx.de\/w\/wp-content\/gallery\/kunstedition\/Steiner.jpg\"\n\t\t\t\tdata-thumbnail=\"https:\/\/www.factx.de\/w\/wp-content\/gallery\/kunstedition\/thumbs\/thumbs_Steiner.jpg\"\n\t\t\t\tdata-image-id=\"22\"\n\t\t\t\tdata-title=\"Stefan Steiner 2015\"\n\t\t\t\tdata-description=\"Stefan Steiner 2015\"\n\t\t\t\tdata-image-slug=\"steiner\"\n\t\t\t\tclass=\"ngg-fancybox\" rel=\"5cde631759b37353a58f055017c1ad8b\">\n\t\t\t\t<img\n\t\t\t\t\ttitle=\"Stefan Steiner 2015\"\n\t\t\t\t\talt=\"Stefan Steiner 2015\"\n\t\t\t\t\tsrc=\"https:\/\/www.factx.de\/w\/wp-content\/gallery\/kunstedition\/thumbs\/thumbs_Steiner.jpg\"\n\t\t\t\t\twidth=\"120\"\n\t\t\t\t\theight=\"90\"\n\t\t\t\t\tstyle=\"max-width:100%;\"\n\t\t\t\t\/>\n\t\t\t<\/a>\n\t\t<\/div>\n\t\t\t\t\t\t\t<\/div>\n\t\t\t\n\t\t\t\t\t\t\t\n\t\t\t\t<div id=\"ngg-image-2\" class=\"ngg-gallery-thumbnail-box\"\n\t\t\t\t\t\t\t\t\t\t\t>\n\t\t\t\t\t\t<div class=\"ngg-gallery-thumbnail\">\n\t\t\t<a href=\"https:\/\/www.factx.de\/w\/wp-content\/gallery\/kunstedition\/IMG_3830.JPG\"\n\t\t\t\ttitle=\"Sabine Odensa\u00df 2014\"\n\t\t\t\tdata-src=\"https:\/\/www.factx.de\/w\/wp-content\/gallery\/kunstedition\/IMG_3830.JPG\"\n\t\t\t\tdata-thumbnail=\"https:\/\/www.factx.de\/w\/wp-content\/gallery\/kunstedition\/thumbs\/thumbs_IMG_3830.JPG\"\n\t\t\t\tdata-image-id=\"18\"\n\t\t\t\tdata-title=\"Sabine Odensa\u00df 2014\"\n\t\t\t\tdata-description=\"Sabine Odensa\u00df 2014\"\n\t\t\t\tdata-image-slug=\"img_3830\"\n\t\t\t\tclass=\"ngg-fancybox\" rel=\"5cde631759b37353a58f055017c1ad8b\">\n\t\t\t\t<img\n\t\t\t\t\ttitle=\"Sabine Odensa\u00df 2014\"\n\t\t\t\t\talt=\"Sabine Odensa\u00df 2014\"\n\t\t\t\t\tsrc=\"https:\/\/www.factx.de\/w\/wp-content\/gallery\/kunstedition\/thumbs\/thumbs_IMG_3830.JPG\"\n\t\t\t\t\twidth=\"120\"\n\t\t\t\t\theight=\"90\"\n\t\t\t\t\tstyle=\"max-width:100%;\"\n\t\t\t\t\/>\n\t\t\t<\/a>\n\t\t<\/div>\n\t\t\t\t\t\t\t<\/div>\n\t\t\t\n\t\t\t\t\t\t\t\n\t\t\t\t<div id=\"ngg-image-3\" class=\"ngg-gallery-thumbnail-box\"\n\t\t\t\t\t\t\t\t\t\t\t>\n\t\t\t\t\t\t<div class=\"ngg-gallery-thumbnail\">\n\t\t\t<a href=\"https:\/\/www.factx.de\/w\/wp-content\/gallery\/kunstedition\/IMG_3716.JPG\"\n\t\t\t\ttitle=\"Michael Toenges 2013\"\n\t\t\t\tdata-src=\"https:\/\/www.factx.de\/w\/wp-content\/gallery\/kunstedition\/IMG_3716.JPG\"\n\t\t\t\tdata-thumbnail=\"https:\/\/www.factx.de\/w\/wp-content\/gallery\/kunstedition\/thumbs\/thumbs_IMG_3716.JPG\"\n\t\t\t\tdata-image-id=\"16\"\n\t\t\t\tdata-title=\"Michael Toenges 2013\"\n\t\t\t\tdata-description=\"Michael Toenges 2013\"\n\t\t\t\tdata-image-slug=\"img_3716\"\n\t\t\t\tclass=\"ngg-fancybox\" rel=\"5cde631759b37353a58f055017c1ad8b\">\n\t\t\t\t<img\n\t\t\t\t\ttitle=\"Michael Toenges 2013\"\n\t\t\t\t\talt=\"Michael Toenges 2013\"\n\t\t\t\t\tsrc=\"https:\/\/www.factx.de\/w\/wp-content\/gallery\/kunstedition\/thumbs\/thumbs_IMG_3716.JPG\"\n\t\t\t\t\twidth=\"120\"\n\t\t\t\t\theight=\"90\"\n\t\t\t\t\tstyle=\"max-width:100%;\"\n\t\t\t\t\/>\n\t\t\t<\/a>\n\t\t<\/div>\n\t\t\t\t\t\t\t<\/div>\n\t\t\t\n\t\t\t\t\t\t\t\t\t<br style=\"clear: both\" \/>\n\t\t\t\t\t\n\t\t\t\t<div id=\"ngg-image-4\" class=\"ngg-gallery-thumbnail-box\"\n\t\t\t\t\t\t\t\t\t\t\t>\n\t\t\t\t\t\t<div class=\"ngg-gallery-thumbnail\">\n\t\t\t<a href=\"https:\/\/www.factx.de\/w\/wp-content\/gallery\/kunstedition\/IMG_3713.JPG\"\n\t\t\t\ttitle=\"Friedhelm Falke 2012\"\n\t\t\t\tdata-src=\"https:\/\/www.factx.de\/w\/wp-content\/gallery\/kunstedition\/IMG_3713.JPG\"\n\t\t\t\tdata-thumbnail=\"https:\/\/www.factx.de\/w\/wp-content\/gallery\/kunstedition\/thumbs\/thumbs_IMG_3713.JPG\"\n\t\t\t\tdata-image-id=\"15\"\n\t\t\t\tdata-title=\"Friedhelm Falke 2012\"\n\t\t\t\tdata-description=\"Friedhelm Falke 2012\"\n\t\t\t\tdata-image-slug=\"img_3713\"\n\t\t\t\tclass=\"ngg-fancybox\" rel=\"5cde631759b37353a58f055017c1ad8b\">\n\t\t\t\t<img\n\t\t\t\t\ttitle=\"Friedhelm Falke 2012\"\n\t\t\t\t\talt=\"Friedhelm Falke 2012\"\n\t\t\t\t\tsrc=\"https:\/\/www.factx.de\/w\/wp-content\/gallery\/kunstedition\/thumbs\/thumbs_IMG_3713.JPG\"\n\t\t\t\t\twidth=\"120\"\n\t\t\t\t\theight=\"90\"\n\t\t\t\t\tstyle=\"max-width:100%;\"\n\t\t\t\t\/>\n\t\t\t<\/a>\n\t\t<\/div>\n\t\t\t\t\t\t\t<\/div>\n\t\t\t\n\t\t\t\t\t\t\t\n\t\t\t\t<div id=\"ngg-image-5\" class=\"ngg-gallery-thumbnail-box\"\n\t\t\t\t\t\t\t\t\t\t\t>\n\t\t\t\t\t\t<div class=\"ngg-gallery-thumbnail\">\n\t\t\t<a href=\"https:\/\/www.factx.de\/w\/wp-content\/gallery\/kunstedition\/IMG_3720.JPG\"\n\t\t\t\ttitle=\"Susanne St\u00e4hli 2011\"\n\t\t\t\tdata-src=\"https:\/\/www.factx.de\/w\/wp-content\/gallery\/kunstedition\/IMG_3720.JPG\"\n\t\t\t\tdata-thumbnail=\"https:\/\/www.factx.de\/w\/wp-content\/gallery\/kunstedition\/thumbs\/thumbs_IMG_3720.JPG\"\n\t\t\t\tdata-image-id=\"17\"\n\t\t\t\tdata-title=\"Susanne Staehli 2011\"\n\t\t\t\tdata-description=\"Susanne St\u00e4hli 2011\"\n\t\t\t\tdata-image-slug=\"img_3720\"\n\t\t\t\tclass=\"ngg-fancybox\" rel=\"5cde631759b37353a58f055017c1ad8b\">\n\t\t\t\t<img\n\t\t\t\t\ttitle=\"Susanne Staehli 2011\"\n\t\t\t\t\talt=\"Susanne Staehli 2011\"\n\t\t\t\t\tsrc=\"https:\/\/www.factx.de\/w\/wp-content\/gallery\/kunstedition\/thumbs\/thumbs_IMG_3720.JPG\"\n\t\t\t\t\twidth=\"120\"\n\t\t\t\t\theight=\"90\"\n\t\t\t\t\tstyle=\"max-width:100%;\"\n\t\t\t\t\/>\n\t\t\t<\/a>\n\t\t<\/div>\n\t\t\t\t\t\t\t<\/div>\n\t\t\t\n\t\t\t\t\t\t\t\n\t\t\t\t<div id=\"ngg-image-6\" class=\"ngg-gallery-thumbnail-box\"\n\t\t\t\t\t\t\t\t\t\t\t>\n\t\t\t\t\t\t<div class=\"ngg-gallery-thumbnail\">\n\t\t\t<a href=\"https:\/\/www.factx.de\/w\/wp-content\/gallery\/kunstedition\/baldegger_2010.png\"\n\t\t\t\ttitle=\"Markus Baldegger 2010\"\n\t\t\t\tdata-src=\"https:\/\/www.factx.de\/w\/wp-content\/gallery\/kunstedition\/baldegger_2010.png\"\n\t\t\t\tdata-thumbnail=\"https:\/\/www.factx.de\/w\/wp-content\/gallery\/kunstedition\/thumbs\/thumbs_baldegger_2010.png\"\n\t\t\t\tdata-image-id=\"1\"\n\t\t\t\tdata-title=\"Markus Baldegger 2010\"\n\t\t\t\tdata-description=\"Markus Baldegger 2010\"\n\t\t\t\tdata-image-slug=\"baldegger_2010\"\n\t\t\t\tclass=\"ngg-fancybox\" rel=\"5cde631759b37353a58f055017c1ad8b\">\n\t\t\t\t<img\n\t\t\t\t\ttitle=\"Markus Baldegger 2010\"\n\t\t\t\t\talt=\"Markus Baldegger 2010\"\n\t\t\t\t\tsrc=\"https:\/\/www.factx.de\/w\/wp-content\/gallery\/kunstedition\/thumbs\/thumbs_baldegger_2010.png\"\n\t\t\t\t\twidth=\"120\"\n\t\t\t\t\theight=\"90\"\n\t\t\t\t\tstyle=\"max-width:100%;\"\n\t\t\t\t\/>\n\t\t\t<\/a>\n\t\t<\/div>\n\t\t\t\t\t\t\t<\/div>\n\t\t\t\n\t\t\t\t\t\t\t\n\t\t\t\t<div id=\"ngg-image-7\" class=\"ngg-gallery-thumbnail-box\"\n\t\t\t\t\t\t\t\t\t\t\t>\n\t\t\t\t\t\t<div class=\"ngg-gallery-thumbnail\">\n\t\t\t<a href=\"https:\/\/www.factx.de\/w\/wp-content\/gallery\/kunstedition\/ludwig_2009.png\"\n\t\t\t\ttitle=\"Susanne Ludwig 2009\"\n\t\t\t\tdata-src=\"https:\/\/www.factx.de\/w\/wp-content\/gallery\/kunstedition\/ludwig_2009.png\"\n\t\t\t\tdata-thumbnail=\"https:\/\/www.factx.de\/w\/wp-content\/gallery\/kunstedition\/thumbs\/thumbs_ludwig_2009.png\"\n\t\t\t\tdata-image-id=\"6\"\n\t\t\t\tdata-title=\"Susanne Ludwig 2009\"\n\t\t\t\tdata-description=\"Susanne Ludwig 2009\"\n\t\t\t\tdata-image-slug=\"ludwig_2009\"\n\t\t\t\tclass=\"ngg-fancybox\" rel=\"5cde631759b37353a58f055017c1ad8b\">\n\t\t\t\t<img\n\t\t\t\t\ttitle=\"Susanne Ludwig 2009\"\n\t\t\t\t\talt=\"Susanne Ludwig 2009\"\n\t\t\t\t\tsrc=\"https:\/\/www.factx.de\/w\/wp-content\/gallery\/kunstedition\/thumbs\/thumbs_ludwig_2009.png\"\n\t\t\t\t\twidth=\"120\"\n\t\t\t\t\theight=\"90\"\n\t\t\t\t\tstyle=\"max-width:100%;\"\n\t\t\t\t\/>\n\t\t\t<\/a>\n\t\t<\/div>\n\t\t\t\t\t\t\t<\/div>\n\t\t\t\n\t\t\t\t\t\t\t\t\t<br style=\"clear: both\" \/>\n\t\t\t\t\t\n\t\t\t\t<div id=\"ngg-image-8\" class=\"ngg-gallery-thumbnail-box\"\n\t\t\t\t\t\t\t\t\t\t\t>\n\t\t\t\t\t\t<div class=\"ngg-gallery-thumbnail\">\n\t\t\t<a href=\"https:\/\/www.factx.de\/w\/wp-content\/gallery\/kunstedition\/schaffmeister_2008.png\"\n\t\t\t\ttitle=\"Sebastian Schaffmeister 2008\"\n\t\t\t\tdata-src=\"https:\/\/www.factx.de\/w\/wp-content\/gallery\/kunstedition\/schaffmeister_2008.png\"\n\t\t\t\tdata-thumbnail=\"https:\/\/www.factx.de\/w\/wp-content\/gallery\/kunstedition\/thumbs\/thumbs_schaffmeister_2008.png\"\n\t\t\t\tdata-image-id=\"14\"\n\t\t\t\tdata-title=\"Sebastian Schaffmeister 2008\"\n\t\t\t\tdata-description=\"Sebastian Schaffmeister 2008\"\n\t\t\t\tdata-image-slug=\"schaffmeister_2008\"\n\t\t\t\tclass=\"ngg-fancybox\" rel=\"5cde631759b37353a58f055017c1ad8b\">\n\t\t\t\t<img\n\t\t\t\t\ttitle=\"Sebastian Schaffmeister 2008\"\n\t\t\t\t\talt=\"Sebastian Schaffmeister 2008\"\n\t\t\t\t\tsrc=\"https:\/\/www.factx.de\/w\/wp-content\/gallery\/kunstedition\/thumbs\/thumbs_schaffmeister_2008.png\"\n\t\t\t\t\twidth=\"120\"\n\t\t\t\t\theight=\"90\"\n\t\t\t\t\tstyle=\"max-width:100%;\"\n\t\t\t\t\/>\n\t\t\t<\/a>\n\t\t<\/div>\n\t\t\t\t\t\t\t<\/div>\n\t\t\t\n\t\t\t\t\t\t\t\n\t\t\t\t<div id=\"ngg-image-9\" class=\"ngg-gallery-thumbnail-box\"\n\t\t\t\t\t\t\t\t\t\t\t>\n\t\t\t\t\t\t<div class=\"ngg-gallery-thumbnail\">\n\t\t\t<a href=\"https:\/\/www.factx.de\/w\/wp-content\/gallery\/kunstedition\/ray_im_licht_2007.png\"\n\t\t\t\ttitle=\"Rosa Hessling 2007\"\n\t\t\t\tdata-src=\"https:\/\/www.factx.de\/w\/wp-content\/gallery\/kunstedition\/ray_im_licht_2007.png\"\n\t\t\t\tdata-thumbnail=\"https:\/\/www.factx.de\/w\/wp-content\/gallery\/kunstedition\/thumbs\/thumbs_ray_im_licht_2007.png\"\n\t\t\t\tdata-image-id=\"12\"\n\t\t\t\tdata-title=\"Rosa Hessling 2007\"\n\t\t\t\tdata-description=\"Rosa Hessling 2007\"\n\t\t\t\tdata-image-slug=\"ray_im_licht_2007\"\n\t\t\t\tclass=\"ngg-fancybox\" rel=\"5cde631759b37353a58f055017c1ad8b\">\n\t\t\t\t<img\n\t\t\t\t\ttitle=\"Rosa Hessling 2007\"\n\t\t\t\t\talt=\"Rosa Hessling 2007\"\n\t\t\t\t\tsrc=\"https:\/\/www.factx.de\/w\/wp-content\/gallery\/kunstedition\/thumbs\/thumbs_ray_im_licht_2007.png\"\n\t\t\t\t\twidth=\"120\"\n\t\t\t\t\theight=\"90\"\n\t\t\t\t\tstyle=\"max-width:100%;\"\n\t\t\t\t\/>\n\t\t\t<\/a>\n\t\t<\/div>\n\t\t\t\t\t\t\t<\/div>\n\t\t\t\n\t\t\t\t\t\t\t\n\t\t\t\t<div id=\"ngg-image-10\" class=\"ngg-gallery-thumbnail-box\"\n\t\t\t\t\t\t\t\t\t\t\t>\n\t\t\t\t\t\t<div class=\"ngg-gallery-thumbnail\">\n\t\t\t<a href=\"https:\/\/www.factx.de\/w\/wp-content\/gallery\/kunstedition\/odensa%C3%9F_2006.png\"\n\t\t\t\ttitle=\"Sabine Odensa\u00df 2006\"\n\t\t\t\tdata-src=\"https:\/\/www.factx.de\/w\/wp-content\/gallery\/kunstedition\/odensa%C3%9F_2006.png\"\n\t\t\t\tdata-thumbnail=\"https:\/\/www.factx.de\/w\/wp-content\/gallery\/kunstedition\/thumbs\/thumbs_odensa%C3%9F_2006.png\"\n\t\t\t\tdata-image-id=\"9\"\n\t\t\t\tdata-title=\"Sabine Odensa\u00df 2006\"\n\t\t\t\tdata-description=\"Sabine Odensa\u00df 2006\"\n\t\t\t\tdata-image-slug=\"odensa%c3%9f_2006-1\"\n\t\t\t\tclass=\"ngg-fancybox\" rel=\"5cde631759b37353a58f055017c1ad8b\">\n\t\t\t\t<img\n\t\t\t\t\ttitle=\"Sabine Odensa\u00df 2006\"\n\t\t\t\t\talt=\"Sabine Odensa\u00df 2006\"\n\t\t\t\t\tsrc=\"https:\/\/www.factx.de\/w\/wp-content\/gallery\/kunstedition\/thumbs\/thumbs_odensa%C3%9F_2006.png\"\n\t\t\t\t\twidth=\"120\"\n\t\t\t\t\theight=\"90\"\n\t\t\t\t\tstyle=\"max-width:100%;\"\n\t\t\t\t\/>\n\t\t\t<\/a>\n\t\t<\/div>\n\t\t\t\t\t\t\t<\/div>\n\t\t\t\n\t\t\t\t\t\t\t\n\t\t\t\t<div id=\"ngg-image-11\" class=\"ngg-gallery-thumbnail-box\"\n\t\t\t\t\t\t\t\t\t\t\t>\n\t\t\t\t\t\t<div class=\"ngg-gallery-thumbnail\">\n\t\t\t<a href=\"https:\/\/www.factx.de\/w\/wp-content\/gallery\/kunstedition\/paltscheck_rot_%C3%BCber_hellblau.png\"\n\t\t\t\ttitle=\"Sybille Pattscheck 2005\"\n\t\t\t\tdata-src=\"https:\/\/www.factx.de\/w\/wp-content\/gallery\/kunstedition\/paltscheck_rot_%C3%BCber_hellblau.png\"\n\t\t\t\tdata-thumbnail=\"https:\/\/www.factx.de\/w\/wp-content\/gallery\/kunstedition\/thumbs\/thumbs_paltscheck_rot_%C3%BCber_hellblau.png\"\n\t\t\t\tdata-image-id=\"10\"\n\t\t\t\tdata-title=\"Sybille Pattscheck 2005\"\n\t\t\t\tdata-description=\"Sybille Pattscheck 2005\"\n\t\t\t\tdata-image-slug=\"paltscheck_rot_%c3%bcber_hellblau-1\"\n\t\t\t\tclass=\"ngg-fancybox\" rel=\"5cde631759b37353a58f055017c1ad8b\">\n\t\t\t\t<img\n\t\t\t\t\ttitle=\"Sybille Pattscheck 2005\"\n\t\t\t\t\talt=\"Sybille Pattscheck 2005\"\n\t\t\t\t\tsrc=\"https:\/\/www.factx.de\/w\/wp-content\/gallery\/kunstedition\/thumbs\/thumbs_paltscheck_rot_%C3%BCber_hellblau.png\"\n\t\t\t\t\twidth=\"120\"\n\t\t\t\t\theight=\"90\"\n\t\t\t\t\tstyle=\"max-width:100%;\"\n\t\t\t\t\/>\n\t\t\t<\/a>\n\t\t<\/div>\n\t\t\t\t\t\t\t<\/div>\n\t\t\t\n\t\t\t\t\t\t\t\t\t<br style=\"clear: both\" \/>\n\t\t\t\t\t\n\t\t\t\t<div id=\"ngg-image-12\" class=\"ngg-gallery-thumbnail-box\"\n\t\t\t\t\t\t\t\t\t\t\t>\n\t\t\t\t\t\t<div class=\"ngg-gallery-thumbnail\">\n\t\t\t<a href=\"https:\/\/www.factx.de\/w\/wp-content\/gallery\/kunstedition\/leonhard_kollage_2004.png\"\n\t\t\t\ttitle=\"Sabine Leonhard 2004\"\n\t\t\t\tdata-src=\"https:\/\/www.factx.de\/w\/wp-content\/gallery\/kunstedition\/leonhard_kollage_2004.png\"\n\t\t\t\tdata-thumbnail=\"https:\/\/www.factx.de\/w\/wp-content\/gallery\/kunstedition\/thumbs\/thumbs_leonhard_kollage_2004.png\"\n\t\t\t\tdata-image-id=\"5\"\n\t\t\t\tdata-title=\"Sabine Leonhard 2004\"\n\t\t\t\tdata-description=\"Sabine Leonhard 2004\"\n\t\t\t\tdata-image-slug=\"leonhard_kollage_2004\"\n\t\t\t\tclass=\"ngg-fancybox\" rel=\"5cde631759b37353a58f055017c1ad8b\">\n\t\t\t\t<img\n\t\t\t\t\ttitle=\"Sabine Leonhard 2004\"\n\t\t\t\t\talt=\"Sabine Leonhard 2004\"\n\t\t\t\t\tsrc=\"https:\/\/www.factx.de\/w\/wp-content\/gallery\/kunstedition\/thumbs\/thumbs_leonhard_kollage_2004.png\"\n\t\t\t\t\twidth=\"120\"\n\t\t\t\t\theight=\"90\"\n\t\t\t\t\tstyle=\"max-width:100%;\"\n\t\t\t\t\/>\n\t\t\t<\/a>\n\t\t<\/div>\n\t\t\t\t\t\t\t<\/div>\n\t\t\t\n\t\t\t\t\t\t\t\n\t\t\t\t<div id=\"ngg-image-13\" class=\"ngg-gallery-thumbnail-box\"\n\t\t\t\t\t\t\t\t\t\t\t>\n\t\t\t\t\t\t<div class=\"ngg-gallery-thumbnail\">\n\t\t\t<a href=\"https:\/\/www.factx.de\/w\/wp-content\/gallery\/kunstedition\/nagel_wassertropfenlauf_1998.png\"\n\t\t\t\ttitle=\"Gabi Nagel 2003\"\n\t\t\t\tdata-src=\"https:\/\/www.factx.de\/w\/wp-content\/gallery\/kunstedition\/nagel_wassertropfenlauf_1998.png\"\n\t\t\t\tdata-thumbnail=\"https:\/\/www.factx.de\/w\/wp-content\/gallery\/kunstedition\/thumbs\/thumbs_nagel_wassertropfenlauf_1998.png\"\n\t\t\t\tdata-image-id=\"7\"\n\t\t\t\tdata-title=\"Gabi Nagel 2003\"\n\t\t\t\tdata-description=\"Gabi Nagel 2003\"\n\t\t\t\tdata-image-slug=\"nagel_wassertropfenlauf_1998\"\n\t\t\t\tclass=\"ngg-fancybox\" rel=\"5cde631759b37353a58f055017c1ad8b\">\n\t\t\t\t<img\n\t\t\t\t\ttitle=\"Gabi Nagel 2003\"\n\t\t\t\t\talt=\"Gabi Nagel 2003\"\n\t\t\t\t\tsrc=\"https:\/\/www.factx.de\/w\/wp-content\/gallery\/kunstedition\/thumbs\/thumbs_nagel_wassertropfenlauf_1998.png\"\n\t\t\t\t\twidth=\"120\"\n\t\t\t\t\theight=\"90\"\n\t\t\t\t\tstyle=\"max-width:100%;\"\n\t\t\t\t\/>\n\t\t\t<\/a>\n\t\t<\/div>\n\t\t\t\t\t\t\t<\/div>\n\t\t\t\n\t\t\t\t\t\t\t\n\t\t\t\t<div id=\"ngg-image-14\" class=\"ngg-gallery-thumbnail-box\"\n\t\t\t\t\t\t\t\t\t\t\t>\n\t\t\t\t\t\t<div class=\"ngg-gallery-thumbnail\">\n\t\t\t<a href=\"https:\/\/www.factx.de\/w\/wp-content\/gallery\/kunstedition\/granz_wechsel3_2002.png\"\n\t\t\t\ttitle=\"Doris Granz 2002\"\n\t\t\t\tdata-src=\"https:\/\/www.factx.de\/w\/wp-content\/gallery\/kunstedition\/granz_wechsel3_2002.png\"\n\t\t\t\tdata-thumbnail=\"https:\/\/www.factx.de\/w\/wp-content\/gallery\/kunstedition\/thumbs\/thumbs_granz_wechsel3_2002.png\"\n\t\t\t\tdata-image-id=\"3\"\n\t\t\t\tdata-title=\"Doris Granz 2002\"\n\t\t\t\tdata-description=\"Doris Granz 2002\"\n\t\t\t\tdata-image-slug=\"granz_wechsel3_2002\"\n\t\t\t\tclass=\"ngg-fancybox\" rel=\"5cde631759b37353a58f055017c1ad8b\">\n\t\t\t\t<img\n\t\t\t\t\ttitle=\"Doris Granz 2002\"\n\t\t\t\t\talt=\"Doris Granz 2002\"\n\t\t\t\t\tsrc=\"https:\/\/www.factx.de\/w\/wp-content\/gallery\/kunstedition\/thumbs\/thumbs_granz_wechsel3_2002.png\"\n\t\t\t\t\twidth=\"120\"\n\t\t\t\t\theight=\"90\"\n\t\t\t\t\tstyle=\"max-width:100%;\"\n\t\t\t\t\/>\n\t\t\t<\/a>\n\t\t<\/div>\n\t\t\t\t\t\t\t<\/div>\n\t\t\t\n\t\t\t\t\t\t\t\n\t\t\t\t<div id=\"ngg-image-15\" class=\"ngg-gallery-thumbnail-box\"\n\t\t\t\t\t\t\t\t\t\t\t>\n\t\t\t\t\t\t<div class=\"ngg-gallery-thumbnail\">\n\t\t\t<a href=\"https:\/\/www.factx.de\/w\/wp-content\/gallery\/kunstedition\/odensa%C3%9F_2000.png\"\n\t\t\t\ttitle=\"Sabine Odensa\u00df 2001\"\n\t\t\t\tdata-src=\"https:\/\/www.factx.de\/w\/wp-content\/gallery\/kunstedition\/odensa%C3%9F_2000.png\"\n\t\t\t\tdata-thumbnail=\"https:\/\/www.factx.de\/w\/wp-content\/gallery\/kunstedition\/thumbs\/thumbs_odensa%C3%9F_2000.png\"\n\t\t\t\tdata-image-id=\"8\"\n\t\t\t\tdata-title=\"Sabine Odensa\u00df 2001\"\n\t\t\t\tdata-description=\"Sabine Odensa\u00df 2001\"\n\t\t\t\tdata-image-slug=\"odensa%c3%9f_2000-1\"\n\t\t\t\tclass=\"ngg-fancybox\" rel=\"5cde631759b37353a58f055017c1ad8b\">\n\t\t\t\t<img\n\t\t\t\t\ttitle=\"Sabine Odensa\u00df 2001\"\n\t\t\t\t\talt=\"Sabine Odensa\u00df 2001\"\n\t\t\t\t\tsrc=\"https:\/\/www.factx.de\/w\/wp-content\/gallery\/kunstedition\/thumbs\/thumbs_odensa%C3%9F_2000.png\"\n\t\t\t\t\twidth=\"120\"\n\t\t\t\t\theight=\"90\"\n\t\t\t\t\tstyle=\"max-width:100%;\"\n\t\t\t\t\/>\n\t\t\t<\/a>\n\t\t<\/div>\n\t\t\t\t\t\t\t<\/div>\n\t\t\t\n\t\t\t\t\t\t\t\t\t<br style=\"clear: both\" \/>\n\t\t\t\t\t\n\t\t\t\t<div id=\"ngg-image-16\" class=\"ngg-gallery-thumbnail-box\"\n\t\t\t\t\t\t\t\t\t\t\t>\n\t\t\t\t\t\t<div class=\"ngg-gallery-thumbnail\">\n\t\t\t<a href=\"https:\/\/www.factx.de\/w\/wp-content\/gallery\/kunstedition\/landschaft_1995.png\"\n\t\t\t\ttitle=\"Sabine Beckmann 2000\"\n\t\t\t\tdata-src=\"https:\/\/www.factx.de\/w\/wp-content\/gallery\/kunstedition\/landschaft_1995.png\"\n\t\t\t\tdata-thumbnail=\"https:\/\/www.factx.de\/w\/wp-content\/gallery\/kunstedition\/thumbs\/thumbs_landschaft_1995.png\"\n\t\t\t\tdata-image-id=\"4\"\n\t\t\t\tdata-title=\"Sabine Beckmann 2000\"\n\t\t\t\tdata-description=\"Sabine Beckmann 2000\"\n\t\t\t\tdata-image-slug=\"landschaft_1995\"\n\t\t\t\tclass=\"ngg-fancybox\" rel=\"5cde631759b37353a58f055017c1ad8b\">\n\t\t\t\t<img\n\t\t\t\t\ttitle=\"Sabine Beckmann 2000\"\n\t\t\t\t\talt=\"Sabine Beckmann 2000\"\n\t\t\t\t\tsrc=\"https:\/\/www.factx.de\/w\/wp-content\/gallery\/kunstedition\/thumbs\/thumbs_landschaft_1995.png\"\n\t\t\t\t\twidth=\"120\"\n\t\t\t\t\theight=\"90\"\n\t\t\t\t\tstyle=\"max-width:100%;\"\n\t\t\t\t\/>\n\t\t\t<\/a>\n\t\t<\/div>\n\t\t\t\t\t\t\t<\/div>\n\t\t\t\n\t\t\t\t\t\t\t\n\t\t\t\t<div id=\"ngg-image-17\" class=\"ngg-gallery-thumbnail-box\"\n\t\t\t\t\t\t\t\t\t\t\t>\n\t\t\t\t\t\t<div class=\"ngg-gallery-thumbnail\">\n\t\t\t<a href=\"https:\/\/www.factx.de\/w\/wp-content\/gallery\/kunstedition\/pingdorf_zusammenkunft_1999.png\"\n\t\t\t\ttitle=\"Robert Pinsdorf 1999\"\n\t\t\t\tdata-src=\"https:\/\/www.factx.de\/w\/wp-content\/gallery\/kunstedition\/pingdorf_zusammenkunft_1999.png\"\n\t\t\t\tdata-thumbnail=\"https:\/\/www.factx.de\/w\/wp-content\/gallery\/kunstedition\/thumbs\/thumbs_pingdorf_zusammenkunft_1999.png\"\n\t\t\t\tdata-image-id=\"11\"\n\t\t\t\tdata-title=\"Robert Pinsdorf 1999\"\n\t\t\t\tdata-description=\"Robert Pinsdorf 1999\"\n\t\t\t\tdata-image-slug=\"pingdorf_zusammenkunft_1999\"\n\t\t\t\tclass=\"ngg-fancybox\" rel=\"5cde631759b37353a58f055017c1ad8b\">\n\t\t\t\t<img\n\t\t\t\t\ttitle=\"Robert Pinsdorf 1999\"\n\t\t\t\t\talt=\"Robert Pinsdorf 1999\"\n\t\t\t\t\tsrc=\"https:\/\/www.factx.de\/w\/wp-content\/gallery\/kunstedition\/thumbs\/thumbs_pingdorf_zusammenkunft_1999.png\"\n\t\t\t\t\twidth=\"120\"\n\t\t\t\t\theight=\"90\"\n\t\t\t\t\tstyle=\"max-width:100%;\"\n\t\t\t\t\/>\n\t\t\t<\/a>\n\t\t<\/div>\n\t\t\t\t\t\t\t<\/div>\n\t\t\t\n\t\t\t\t\t\t\t\n\t\t\t\t<div id=\"ngg-image-18\" class=\"ngg-gallery-thumbnail-box\"\n\t\t\t\t\t\t\t\t\t\t\t>\n\t\t\t\t\t\t<div class=\"ngg-gallery-thumbnail\">\n\t\t\t<a href=\"https:\/\/www.factx.de\/w\/wp-content\/gallery\/kunstedition\/dannhauer_1998.png\"\n\t\t\t\ttitle=\"Bettina Dannhauer 1998\"\n\t\t\t\tdata-src=\"https:\/\/www.factx.de\/w\/wp-content\/gallery\/kunstedition\/dannhauer_1998.png\"\n\t\t\t\tdata-thumbnail=\"https:\/\/www.factx.de\/w\/wp-content\/gallery\/kunstedition\/thumbs\/thumbs_dannhauer_1998.png\"\n\t\t\t\tdata-image-id=\"2\"\n\t\t\t\tdata-title=\"Bettina Dannhauer 1998\"\n\t\t\t\tdata-description=\"Bettina Dannhauer 1998\"\n\t\t\t\tdata-image-slug=\"dannhauer_1998\"\n\t\t\t\tclass=\"ngg-fancybox\" rel=\"5cde631759b37353a58f055017c1ad8b\">\n\t\t\t\t<img\n\t\t\t\t\ttitle=\"Bettina Dannhauer 1998\"\n\t\t\t\t\talt=\"Bettina Dannhauer 1998\"\n\t\t\t\t\tsrc=\"https:\/\/www.factx.de\/w\/wp-content\/gallery\/kunstedition\/thumbs\/thumbs_dannhauer_1998.png\"\n\t\t\t\t\twidth=\"120\"\n\t\t\t\t\theight=\"90\"\n\t\t\t\t\tstyle=\"max-width:100%;\"\n\t\t\t\t\/>\n\t\t\t<\/a>\n\t\t<\/div>\n\t\t\t\t\t\t\t<\/div>\n\t\t\t\n\t\t\t\t\t\t\t\n\t\t\n\t\t<!-- Pagination -->\n\t\t<div class='ngg-clear'><\/div>\t<\/div>\n<\/p>\n<p>&nbsp;<\/p>\n<p>&nbsp;<\/p>","protected":false},"excerpt":{"rendered":"<p>factx &#8211; Kunstedition Kunstsponsoring ist nicht nur ein Thema mit dem wir uns professionell in Projekten f\u00fcr einige unserer Kunden besch\u00e4ftigen, sondern seit Beginn unserer Unternehmensgr\u00fcndung auch ein pers\u00f6nliches Anliegen. Jedes Jahr stellen wir in unserer &#8222;Kunstedition&#8220; eine K\u00fcnstlerin oder einen K\u00fcnstler mit einem von uns ausgesuchten und herausgegebenen limitierten Druck vor. Dar\u00fcber freuen wir  [&#8230;]<\/p>\n","protected":false},"author":3,"featured_media":0,"parent":0,"menu_order":0,"comment_status":"closed","ping_status":"closed","template":"","meta":{"ngg_post_thumbnail":0,"footnotes":""},"class_list":["post-871","page","type-page","status-publish","hentry"],"_links":{"self":[{"href":"https:\/\/www.factx.de\/w\/wp-json\/wp\/v2\/pages\/871","targetHints":{"allow":["GET"]}}],"collection":[{"href":"https:\/\/www.factx.de\/w\/wp-json\/wp\/v2\/pages"}],"about":[{"href":"https:\/\/www.factx.de\/w\/wp-json\/wp\/v2\/types\/page"}],"author":[{"embeddable":true,"href":"https:\/\/www.factx.de\/w\/wp-json\/wp\/v2\/users\/3"}],"replies":[{"embeddable":true,"href":"https:\/\/www.factx.de\/w\/wp-json\/wp\/v2\/comments?post=871"}],"version-history":[{"count":9,"href":"https:\/\/www.factx.de\/w\/wp-json\/wp\/v2\/pages\/871\/revisions"}],"predecessor-version":[{"id":1897,"href":"https:\/\/www.factx.de\/w\/wp-json\/wp\/v2\/pages\/871\/revisions\/1897"}],"wp:attachment":[{"href":"https:\/\/www.factx.de\/w\/wp-json\/wp\/v2\/media?parent=871"}],"curies":[{"name":"wp","href":"https:\/\/api.w.org\/{rel}","templated":true}]}}